{"id":10,"date":"2022-02-25T11:24:47","date_gmt":"2022-02-25T10:24:47","guid":{"rendered":"http:\/\/biwsa.fr\/?page_id=10"},"modified":"2022-08-16T13:35:47","modified_gmt":"2022-08-16T11:35:47","slug":"accueil","status":"publish","type":"page","link":"https:\/\/biwsa.fr\/","title":{"rendered":"Accueil"},"content":{"rendered":"\n<div class=\"wp-block-cover alignfull is-light has-parallax\" style=\"background-image:url(https:\/\/biwsa.fr\/wp-content\/uploads\/2022\/06\/DSC08437-scaled.jpg);min-height:873px;aspect-ratio:unset;\"><span aria-hidden=\"true\" class=\"wp-block-cover__background has-background-dim-0 has-background-dim\"><\/span><div class=\"wp-block-cover__inner-container is-layout-flow wp-block-cover-is-layout-flow\">\n<h1 class=\"has-text-align-center has-nv-site-bg-color has-text-color wp-block-heading\">Partageons ensemble notre passion des vins et spiritueux<\/h1>\n<\/div><\/div>\n\n\n\n<div style=\"height:96px\" aria-hidden=\"true\" class=\"wp-block-spacer\"><\/div>\n\n\n\n<div class=\"wp-block-columns is-layout-flex wp-container-core-columns-is-layout-9d6595d7 wp-block-columns-is-layout-flex\">\n<div class=\"wp-block-column is-layout-flow wp-block-column-is-layout-flow\"><div class=\"wp-block-image icon-style is-style-default\">\n<figure class=\"aligncenter size-full is-resized\"><img loading=\"lazy\" decoding=\"async\" src=\"https:\/\/biwsa.fr\/wp-content\/uploads\/2022\/06\/logo-jumelles-150.png\" alt=\"\" class=\"wp-image-1042\" width=\"75\" height=\"75\"\/><\/figure>\n<\/div>\n\n\n<h3 class=\"has-text-align-center has-neve-text-color-color has-text-color wp-block-heading\">D\u00c9COUVRIR<\/h3>\n\n\n\n<p class=\"has-text-align-center\">Envie d\u2019en savoir plus sur le vin et les spiritueux&nbsp;? Apprenez les bases et plus encore gr\u00e2ce \u00e0 nos diff\u00e9rentes activit\u00e9s.<\/p>\n\n\n\n<div class=\"wp-block-buttons is-content-justification-center is-layout-flex wp-container-core-buttons-is-layout-16018d1d wp-block-buttons-is-layout-flex\"><\/div>\n\n\n\n<div style=\"height:20px\" aria-hidden=\"true\" class=\"wp-block-spacer\"><\/div>\n<\/div>\n\n\n\n<div class=\"wp-block-column is-layout-flow wp-block-column-is-layout-flow\"><div class=\"wp-block-image icon-style is-style-default\">\n<figure class=\"aligncenter size-full is-resized\"><img loading=\"lazy\" decoding=\"async\" src=\"https:\/\/biwsa.fr\/wp-content\/uploads\/2022\/06\/logo-poigne-main-150.png\" alt=\"\" class=\"wp-image-1043\" width=\"75\" height=\"75\"\/><\/figure>\n<\/div>\n\n\n<h3 class=\"has-text-align-center has-neve-text-color-color has-text-color wp-block-heading\">PARTAGER<\/h3>\n\n\n\n<p class=\"has-text-align-center\">Amoureux de gastronomie et de vins, venez partager vos passions autour de diners, de voyages et bien plus encore.<\/p>\n\n\n\n<div class=\"wp-block-buttons is-content-justification-center is-layout-flex wp-container-core-buttons-is-layout-16018d1d wp-block-buttons-is-layout-flex\"><\/div>\n\n\n\n<div style=\"height:20px\" aria-hidden=\"true\" class=\"wp-block-spacer\"><\/div>\n<\/div>\n\n\n\n<div class=\"wp-block-column is-layout-flow wp-block-column-is-layout-flow\"><div class=\"wp-block-image icon-style is-style-rounded\">\n<figure class=\"aligncenter size-full is-resized\"><img loading=\"lazy\" decoding=\"async\" src=\"https:\/\/biwsa.fr\/wp-content\/uploads\/2022\/06\/logo-signature-1510.png\" alt=\"\" class=\"wp-image-1044\" width=\"75\" height=\"75\"\/><\/figure>\n<\/div>\n\n\n<h3 class=\"has-text-align-center has-neve-text-color-color has-text-color wp-block-heading\">ADH\u00c9RER<\/h3>\n\n\n\n<p class=\"has-text-align-center\">D\u00e9couvrez nos tarifs privil\u00e9gi\u00e9s et nos nombreux avantages. Profitez-en en adh\u00e9rant \u00e0 la BIWSA.<\/p>\n\n\n\n<div class=\"wp-block-buttons is-content-justification-center is-layout-flex wp-container-core-buttons-is-layout-16018d1d wp-block-buttons-is-layout-flex\"><\/div>\n\n\n\n<div style=\"height:20px\" aria-hidden=\"true\" class=\"wp-block-spacer\"><\/div>\n<\/div>\n<\/div>\n\n\n\n<div class=\"wp-block-cover alignfull is-light\" style=\"min-height:600px;aspect-ratio:unset;\"><span aria-hidden=\"true\" class=\"wp-block-cover__background has-background-dim-100 has-background-dim has-background-gradient\" style=\"background:linear-gradient(135deg,rgb(254,205,165) 15%,rgb(254,45,45) 100%,rgb(107,0,62) 100%)\"><\/span><div class=\"wp-block-cover__inner-container is-layout-flow wp-block-cover-is-layout-flow\">\n<div class=\"wp-block-group\"><div class=\"wp-block-group__inner-container is-layout-flow wp-block-group-is-layout-flow\">\n<div style=\"height:80px\" aria-hidden=\"true\" class=\"wp-block-spacer\"><\/div>\n\n\n\n<div class=\"wp-block-columns are-vertically-aligned-center is-layout-flex wp-container-core-columns-is-layout-9d6595d7 wp-block-columns-is-layout-flex\">\n<div class=\"wp-block-column is-vertically-aligned-center is-layout-flow wp-block-column-is-layout-flow\" style=\"flex-basis:50%\">\n<figure class=\"wp-block-image size-large is-style-default\"><img loading=\"lazy\" decoding=\"async\" width=\"1024\" height=\"1024\" src=\"https:\/\/biwsa.fr\/wp-content\/uploads\/2022\/02\/DSC08807-1024x1024.jpg\" alt=\"\" class=\"wp-image-61\"\/><\/figure>\n<\/div>\n\n\n\n<div class=\"wp-block-column is-vertically-aligned-center is-layout-flow wp-block-column-is-layout-flow\" style=\"flex-basis:50%\">\n<div style=\"height:20px\" aria-hidden=\"true\" class=\"wp-block-spacer\"><\/div>\n\n\n\n<h2 class=\"has-text-align-left has-nv-site-bg-color has-text-color wp-block-heading\">BIWSA<\/h2>\n\n\n\n<p class=\"has-text-align-left has-nv-site-bg-color has-text-color\" style=\"font-size:17px\">Initiation \u00e0 la d\u00e9gustation, visites de propri\u00e9t\u00e9s, diners th\u00e9matiques, mixologie\u2026 La BIWSA vous invite \u00e0 vous rassembler autour d\u2019\u00e9v\u00e8nements conviviaux avec un th\u00e8me commun&nbsp;: les vins et spiritueux.<\/p>\n\n\n\n<div class=\"wp-block-buttons is-content-justification-center is-layout-flex wp-container-core-buttons-is-layout-16018d1d wp-block-buttons-is-layout-flex\">\n<div class=\"wp-block-button is-style-secondary\"><a class=\"wp-block-button__link\" href=\"https:\/\/biwsa.fr\/index.php\/a-propos\/\">En savoir plus<\/a><\/div>\n<\/div>\n<\/div>\n<\/div>\n\n\n\n<div style=\"height:40px\" aria-hidden=\"true\" class=\"wp-block-spacer\"><\/div>\n<\/div><\/div>\n<\/div><\/div>\n\n\n\n<div style=\"height:100px\" aria-hidden=\"true\" class=\"wp-block-spacer\"><\/div>\n\n\n\n<h2 class=\"wp-block-heading\">Actualit\u00e9s BIWSA<\/h2>\n\n\n\n<div class=\"wp-block-columns is-layout-flex wp-container-core-columns-is-layout-9d6595d7 wp-block-columns-is-layout-flex\">\n<div class=\"wp-block-column is-layout-flow wp-block-column-is-layout-flow\">\n<h3 class=\"wp-block-heading\">Nos \u00e9v\u00e8nements pass\u00e9s<\/h3>\n\n\n\n<div class=\"wp-block-cb-carousel cb-single-slide\" data-slick=\"{&quot;slidesToShow&quot;:1,&quot;slidesToScroll&quot;:1,&quot;speed&quot;:300,&quot;arrows&quot;:true,&quot;dots&quot;:true,&quot;autoplay&quot;:false,&quot;autoplaySpeed&quot;:3000,&quot;infinite&quot;:false,&quot;responsive&quot;:[{&quot;breakpoint&quot;:769,&quot;settings&quot;:{&quot;slidesToShow&quot;:1,&quot;slidesToScroll&quot;:1}}]}\">\n<div class=\"wp-block-cb-slide\">\n<figure class=\"wp-block-image size-full\"><img loading=\"lazy\" decoding=\"async\" width=\"615\" height=\"615\" src=\"https:\/\/biwsa.fr\/wp-content\/uploads\/2022\/03\/alice-tem.png\" alt=\"\" class=\"wp-image-352\"\/><\/figure>\n<\/div>\n\n\n\n<div class=\"wp-block-cb-slide\">\n<figure class=\"wp-block-image size-full\"><img loading=\"lazy\" decoding=\"async\" width=\"615\" height=\"615\" src=\"https:\/\/biwsa.fr\/wp-content\/uploads\/2022\/02\/Oeno-615615.png\" alt=\"\" class=\"wp-image-289\"\/><\/figure>\n<\/div>\n\n\n\n<div class=\"wp-block-cb-slide\">\n<figure class=\"wp-block-image size-full\"><img loading=\"lazy\" decoding=\"async\" width=\"615\" height=\"615\" src=\"https:\/\/biwsa.fr\/wp-content\/uploads\/2022\/03\/wset-biwsa.png\" alt=\"\" class=\"wp-image-330\"\/><\/figure>\n<\/div>\n\n\n\n<div class=\"wp-block-cb-slide\">\n<figure class=\"wp-block-image size-large\"><img loading=\"lazy\" decoding=\"async\" width=\"1024\" height=\"1024\" src=\"https:\/\/biwsa.fr\/wp-content\/uploads\/2022\/02\/DSC08807-1024x1024.jpg\" alt=\"\" class=\"wp-image-61\"\/><\/figure>\n<\/div>\n<\/div>\n<\/div>\n\n\n\n<div class=\"wp-block-column is-layout-flow wp-block-column-is-layout-flow\">\n<h3 class=\"wp-block-heading\">Nos prochains \u00e9v\u00e8nements<\/h3>\n\n\n<div id=\"mec_skin_467\" class=\"mec-wrap    mec-full-calendar-wrap\">\r\n\r\n    <div class=\"mec-search-form mec-totalcal-box\">\r\n                <div class=\"col-md-12 mec-tab-loader\">\r\n            <div class=\"mec-totalcal-view\">\r\n                                <span class=\"mec-totalcal-monthlyview\" data-skin=\"monthly\">Mensuelle<\/span>                <span class=\"mec-totalcal-weeklyview\" data-skin=\"weekly\">Hebdomadaire<\/span>                <span class=\"mec-totalcal-dailyview\" data-skin=\"daily\">Quotidienne<\/span>                <span class=\"mec-totalcal-listview mec-totalcalview-selected\" data-skin=\"list\">Liste<\/span>                                            <\/div>\r\n        <\/div>\r\n            <\/div>\r\n\r\n    <div id=\"mec_full_calendar_container_467\" class=\"mec-full-calendar-skin-container\">\r\n        <div class=\"mec-wrap mec-skin-list-container  \" id=\"mec_skin_467\">\r\n\r\n    \r\n        <div class=\"mec-skin-list-events-container\" id=\"mec_skin_events_467\">\r\n        Aucun \u00e9v\u00e9nement trouv\u00e9 !    <\/div>\r\n    \r\n    \r\n<\/div>    <\/div>\r\n\r\n<\/div>\n<\/div>\n<\/div>\n\n\n\n<div style=\"height:63px\" aria-hidden=\"true\" class=\"wp-block-spacer\"><\/div>\n\n\n\n<div class=\"wp-block-cover alignfull\" style=\"min-height:600px;aspect-ratio:unset;\"><span aria-hidden=\"true\" class=\"wp-block-cover__background has-nv-light-bg-background-color has-background-dim-100 has-background-dim\"><\/span><div class=\"wp-block-cover__inner-container is-layout-flow wp-block-cover-is-layout-flow\">\n<div class=\"wp-block-group\"><div class=\"wp-block-group__inner-container is-layout-flow wp-block-group-is-layout-flow\">\n<div style=\"height:80px\" aria-hidden=\"true\" class=\"wp-block-spacer\"><\/div>\n\n\n\n<div class=\"wp-block-columns are-vertically-aligned-center is-layout-flex wp-container-core-columns-is-layout-9d6595d7 wp-block-columns-is-layout-flex\">\n<div class=\"wp-block-column is-vertically-aligned-center is-layout-flow wp-block-column-is-layout-flow\" style=\"flex-basis:50%\">\n<h2 class=\"has-text-align-left has-neve-text-color-color has-text-color wp-block-heading\">WSET<\/h2>\n\n\n\n<p class=\"has-nv-dark-bg-color has-text-color\">Cr\u00e9\u00e9 en 1969 pour r\u00e9pondre aux besoins grandissants en formation en vins et spiritueux au Royaume Uni, le Wine &amp; Spirit Education Trust (WSET) est aujourd\u2019hui le plus grand organisme de formation au monde dans le domaine des vins, des spiritueux et du sak\u00e9. Fort de la confiance des organisations les plus r\u00e9put\u00e9es du secteur dans le monde entier, le WSET \u00e9labore et dispense ses programmes en vins et spiritueux depuis 50 ans.<\/p>\n\n\n\n<p class=\"has-nv-dark-bg-color has-text-color\"><br>Les qualifications WSET sont globalement reconnues comme des standards internationaux en connaissance des vins et spiritueux. Les qualifications WSET sont accr\u00e9dit\u00e9es par l&rsquo;organisme de r\u00e9glementation britannique Ofqual.<\/p>\n\n\n\n<div class=\"wp-block-buttons is-content-justification-center is-layout-flex wp-container-core-buttons-is-layout-16018d1d wp-block-buttons-is-layout-flex\">\n<div class=\"wp-block-button is-style-secondary\"><a class=\"wp-block-button__link\" href=\"https:\/\/biwsa.fr\/index.php\/wset\/\">En savoir plus<\/a><\/div>\n<\/div>\n\n\n\n<div style=\"height:40px\" aria-hidden=\"true\" class=\"wp-block-spacer\"><\/div>\n<\/div>\n\n\n\n<div class=\"wp-block-column is-vertically-aligned-center is-layout-flow wp-block-column-is-layout-flow\" style=\"flex-basis:50%\">\n<figure class=\"wp-block-image size-full is-resized\"><img loading=\"lazy\" decoding=\"async\" src=\"https:\/\/biwsa.fr\/wp-content\/uploads\/2022\/02\/wset-logo-carre.jpg\" alt=\"\" class=\"wp-image-130\" width=\"622\" height=\"487\"\/><\/figure>\n<\/div>\n<\/div>\n\n\n\n<div style=\"height:40px\" aria-hidden=\"true\" class=\"wp-block-spacer\"><\/div>\n<\/div><\/div>\n<\/div><\/div>\n\n\n\n<div class=\"wp-block-cover alignfull is-light has-parallax\" style=\"background-image:url(https:\/\/biwsa.fr\/wp-content\/uploads\/2022\/05\/DSC00318-scaled.jpg);min-height:600px;aspect-ratio:unset;\"><span aria-hidden=\"true\" class=\"wp-block-cover__background has-nv-c-2-background-color has-background-dim-30 has-background-dim\"><\/span><div class=\"wp-block-cover__inner-container is-layout-flow wp-block-cover-is-layout-flow\">\n<div class=\"wp-block-group\"><div class=\"wp-block-group__inner-container is-layout-flow wp-block-group-is-layout-flow\">\n<div style=\"height:80px\" aria-hidden=\"true\" class=\"wp-block-spacer\"><\/div>\n<\/div><\/div>\n\n\n\n<div class=\"wp-block-columns is-layout-flex wp-container-core-columns-is-layout-9d6595d7 wp-block-columns-is-layout-flex\">\n<div class=\"wp-block-column is-layout-flow wp-block-column-is-layout-flow\">\n<hr class=\"wp-block-separator has-text-color has-nv-site-bg-color has-alpha-channel-opacity has-nv-site-bg-background-color has-background\"\/>\n\n\n\n<div style=\"height:40px\" aria-hidden=\"true\" class=\"wp-block-spacer\"><\/div>\n\n\n\n<h2 class=\"has-text-align-center has-nv-text-dark-bg-color has-text-color wp-block-heading\">Rejoignez la BIWSA<\/h2>\n\n\n\n<p class=\"has-text-align-center has-nv-text-dark-bg-color has-text-color\" style=\"font-size:25px\">Rejoignez la BIWSA&nbsp;: Devenez adh\u00e9rent \u00e0 la BIWSA et d\u00e9couvrez nos tarifs pr\u00e9f\u00e9rentiels, nos offres et avantages, rien que pour vous.<\/p>\n\n\n\n<div class=\"wp-block-buttons is-content-justification-center is-layout-flex wp-container-core-buttons-is-layout-16018d1d wp-block-buttons-is-layout-flex\">\n<div class=\"wp-block-button is-style-secondary\"><a class=\"wp-block-button__link\" href=\"https:\/\/biwsa.fr\/index.php\/abonnement\/\">Abonnez-vous<\/a><\/div>\n<\/div>\n\n\n\n<div style=\"height:40px\" aria-hidden=\"true\" class=\"wp-block-spacer\"><\/div>\n\n\n\n<hr class=\"wp-block-separator has-text-color has-nv-site-bg-color has-alpha-channel-opacity has-nv-site-bg-background-color has-background\"\/>\n\n\n\n<div style=\"height:50px\" aria-hidden=\"true\" class=\"wp-block-spacer\"><\/div>\n<\/div>\n<\/div>\n<\/div><\/div>\n\n\n\n<div class=\"wp-block-cover alignfull\" style=\"min-height:300px;aspect-ratio:unset;\"><span aria-hidden=\"true\" class=\"wp-block-cover__background has-nv-site-bg-background-color has-background-dim-40 has-background-dim\"><\/span><div class=\"wp-block-cover__inner-container is-layout-flow wp-block-cover-is-layout-flow\">\n<div style=\"height:140px\" aria-hidden=\"true\" class=\"wp-block-spacer\"><\/div>\n\n\n\n<h2 class=\"has-text-align-center has-nv-dark-bg-color has-text-color wp-block-heading\">Ils nous font confiance<\/h2>\n\n\n<style type='text\/css'><\/style><div class=\"rt-container-fluid rt-wpls\" id=\"rt-container-0\" data-sc-id=\"108\"><div class=\"rt-row carousel-layout wpls-carousel\" data-slick='{ \"slidesToShow\": 4, \"slidesToScroll\": 4, \"speed\": 2000, \"dots\": true, \"arrows\": true, \"infinite\": true, \"pauseOnHover\": false, \"autoplay\": true, \"rtl\": false }' ><div class='rt-col-md-24 rt-col-sm-6 rt-col-xs-12'><div class='single-logo rt-equal-height' data-title='Maison Delamain'><div class='single-logo-container'><a href='https:\/\/www.delamain-cognac.com\/fr\/' target=\"_blank\"><img loading=\"lazy\" decoding=\"async\" width=\"300\" height=\"259\" src=\"https:\/\/biwsa.fr\/wp-content\/uploads\/2022\/02\/Delamain_cognac_logo-300x259.png\" class=\"wls-logo\" alt=\"\" title=\"Maison Delamain\" \/><\/a><\/div><\/div><\/div><div class='rt-col-md-24 rt-col-sm-6 rt-col-xs-12'><div class='single-logo rt-equal-height' data-title='Maison Martell'><div class='single-logo-container'><a href='https:\/\/www.martell.com\/fr-fr\/la-maison\/' target=\"_blank\"><img loading=\"lazy\" decoding=\"async\" width=\"300\" height=\"212\" src=\"https:\/\/biwsa.fr\/wp-content\/uploads\/2022\/02\/martelllogo1158283410415828341041585670385158567038515967190931596719093-300x212.png\" class=\"wls-logo\" alt=\"\" title=\"Maison Martell\" \/><\/a><\/div><\/div><\/div><div class='rt-col-md-24 rt-col-sm-6 rt-col-xs-12'><div class='single-logo rt-equal-height' data-title='Duval Leroy'><div class='single-logo-container'><a href='http:\/\/www.duval-leroy.com\/' target=\"_blank\"><img loading=\"lazy\" decoding=\"async\" width=\"300\" height=\"248\" src=\"https:\/\/biwsa.fr\/wp-content\/uploads\/2022\/02\/champagneaoc-duval-leroy-logo-300x248.png\" class=\"wls-logo\" alt=\"\" title=\"Duval Leroy\" \/><\/a><\/div><\/div><\/div><div class='rt-col-md-24 rt-col-sm-6 rt-col-xs-12'><div class='single-logo rt-equal-height' data-title='Chateau de l&rsquo;Hospital'><div class='single-logo-container'><a href='https:\/\/chateaudelhospital.fr\/' target=\"_blank\"><img loading=\"lazy\" decoding=\"async\" width=\"300\" height=\"300\" src=\"https:\/\/biwsa.fr\/wp-content\/uploads\/2022\/02\/test-logo-300-300x300.png\" class=\"wls-logo\" alt=\"\" title=\"Chateau de l&rsquo;Hospital\" \/><\/a><\/div><\/div><\/div><div class='rt-col-md-24 rt-col-sm-6 rt-col-xs-12'><div class='single-logo rt-equal-height' data-title='Chateau de fargues'><div class='single-logo-container'><a href='https:\/\/www.chateaudefargues.com\/' target=\"_blank\"><img loading=\"lazy\" decoding=\"async\" width=\"225\" height=\"225\" src=\"https:\/\/biwsa.fr\/wp-content\/uploads\/2022\/02\/images-1.jpg\" class=\"wls-logo\" alt=\"\" title=\"Chateau de fargues\" \/><\/a><\/div><\/div><\/div><div class='rt-col-md-24 rt-col-sm-6 rt-col-xs-12'><div class='single-logo rt-equal-height' data-title='Chateau Castera'><div class='single-logo-container'><a href='https:\/\/www.chateau-castera.com\/' target=\"_blank\"><img loading=\"lazy\" decoding=\"async\" width=\"270\" height=\"120\" src=\"https:\/\/biwsa.fr\/wp-content\/uploads\/2022\/02\/logo_castera-1.png\" class=\"wls-logo\" alt=\"\" title=\"Chateau Castera\" \/><\/a><\/div><\/div><\/div><div class='rt-col-md-24 rt-col-sm-6 rt-col-xs-12'><div class='single-logo rt-equal-height' data-title='Chateau de Laubade'><div class='single-logo-container'><a href='https:\/\/chateaudelaubade.com\/' target=\"_blank\"><img loading=\"lazy\" decoding=\"async\" width=\"225\" height=\"225\" src=\"https:\/\/biwsa.fr\/wp-content\/uploads\/2022\/02\/images-1.png\" class=\"wls-logo\" alt=\"\" title=\"Chateau de Laubade\" \/><\/a><\/div><\/div><\/div><div class='rt-col-md-24 rt-col-sm-6 rt-col-xs-12'><div class='single-logo rt-equal-height' data-title='Chateau Landereau'><div class='single-logo-container'><a href='https:\/\/vignoblesbaylet.com\/' target=\"_blank\"><img loading=\"lazy\" decoding=\"async\" width=\"200\" height=\"200\" src=\"https:\/\/biwsa.fr\/wp-content\/uploads\/2022\/02\/949aba4307146fefcca9312773553517_x200-1.jpeg\" class=\"wls-logo\" alt=\"\" title=\"Chateau Landereau\" \/><\/a><\/div><\/div><\/div><\/div><\/div>\n\n\n\n<div style=\"height:45px\" aria-hidden=\"true\" class=\"wp-block-spacer\"><\/div>\n\n\n\n<div class=\"wp-block-buttons is-content-justification-center is-layout-flex wp-container-core-buttons-is-layout-16018d1d wp-block-buttons-is-layout-flex\">\n<div class=\"wp-block-button is-style-secondary\"><a class=\"wp-block-button__link\" href=\"https:\/\/biwsa.fr\/index.php\/abonnement\/\">Devenir membre<\/a><\/div>\n<\/div>\n\n\n\n<div style=\"height:75px\" aria-hidden=\"true\" class=\"wp-block-spacer\"><\/div>\n<\/div><\/div>\n","protected":false},"excerpt":{"rendered":"<p>D\u00c9COUVRIR Envie d\u2019en savoir plus sur le vin et les spiritueux&nbsp;? Apprenez les bases et plus encore gr\u00e2ce \u00e0 nos diff\u00e9rentes activit\u00e9s. PARTAGER Amoureux de gastronomie et de vins, venez partager vos passions autour de diners, de voyages et bien plus encore. ADH\u00c9RER D\u00e9couvrez nos tarifs privil\u00e9gi\u00e9s et nos nombreux avantages. Profitez-en en adh\u00e9rant \u00e0&hellip;&nbsp;<a href=\"https:\/\/biwsa.fr\/index.php\/wlshowcase\/106\/\" class=\"\" rel=\"bookmark\">Lire la suite &raquo;<span class=\"screen-reader-text\">Chateau Landereau<\/span><\/a><\/p>\n","protected":false},"author":1,"featured_media":0,"parent":0,"menu_order":0,"comment_status":"closed","ping_status":"closed","template":"","meta":{"om_disable_all_campaigns":false,"_monsterinsights_skip_tracking":false,"_monsterinsights_sitenote_active":false,"_monsterinsights_sitenote_note":"","_monsterinsights_sitenote_category":0,"neve_meta_sidebar":"","neve_meta_container":"","neve_meta_enable_content_width":"on","neve_meta_content_width":100,"neve_meta_title_alignment":"","neve_meta_author_avatar":"","neve_post_elements_order":"","neve_meta_disable_header":"","neve_meta_disable_footer":"","neve_meta_disable_title":"on","neve_meta_reading_time":"","footnotes":""},"class_list":["post-10","page","type-page","status-publish","hentry"],"rttpg_featured_image_url":null,"rttpg_author":{"display_name":"admin8106","author_link":"https:\/\/biwsa.fr\/index.php\/author\/admin8106\/"},"rttpg_comment":0,"rttpg_category":null,"rttpg_excerpt":"D\u00c9COUVRIR Envie d\u2019en savoir plus sur le vin et les spiritueux&nbsp;? Apprenez les bases et plus encore gr\u00e2ce \u00e0 nos diff\u00e9rentes activit\u00e9s. PARTAGER Amoureux de gastronomie et de vins, venez partager vos passions autour de diners, de voyages et bien plus encore. ADH\u00c9RER D\u00e9couvrez nos tarifs privil\u00e9gi\u00e9s et nos nombreux avantages. Profitez-en en adh\u00e9rant \u00e0&hellip;&nbsp;Lire\u2026","_links":{"self":[{"href":"https:\/\/biwsa.fr\/index.php\/wp-json\/wp\/v2\/pages\/10","targetHints":{"allow":["GET"]}}],"collection":[{"href":"https:\/\/biwsa.fr\/index.php\/wp-json\/wp\/v2\/pages"}],"about":[{"href":"https:\/\/biwsa.fr\/index.php\/wp-json\/wp\/v2\/types\/page"}],"author":[{"embeddable":true,"href":"https:\/\/biwsa.fr\/index.php\/wp-json\/wp\/v2\/users\/1"}],"replies":[{"embeddable":true,"href":"https:\/\/biwsa.fr\/index.php\/wp-json\/wp\/v2\/comments?post=10"}],"version-history":[{"count":113,"href":"https:\/\/biwsa.fr\/index.php\/wp-json\/wp\/v2\/pages\/10\/revisions"}],"predecessor-version":[{"id":1161,"href":"https:\/\/biwsa.fr\/index.php\/wp-json\/wp\/v2\/pages\/10\/revisions\/1161"}],"wp:attachment":[{"href":"https:\/\/biwsa.fr\/index.php\/wp-json\/wp\/v2\/media?parent=10"}],"curies":[{"name":"wp","href":"https:\/\/api.w.org\/{rel}","templated":true}]}}