{"id":339,"date":"2022-03-01T09:49:04","date_gmt":"2022-03-01T08:49:04","guid":{"rendered":"http:\/\/biwsa.fr\/?page_id=339"},"modified":"2022-06-16T13:14:09","modified_gmt":"2022-06-16T11:14:09","slug":"formations-2","status":"publish","type":"page","link":"https:\/\/biwsa.fr\/index.php\/formations-2\/","title":{"rendered":"Formations Sommelerie"},"content":{"rendered":"\n<div class=\"wp-block-cover alignfull\" style=\"min-height:300px;aspect-ratio:unset;\"><span aria-hidden=\"true\" class=\"wp-block-cover__background has-nv-site-bg-background-color has-background-dim-100 has-background-dim\"><\/span><div class=\"wp-block-cover__inner-container is-layout-flow wp-block-cover-is-layout-flow\">\n<div class=\"wp-block-group\"><div class=\"wp-block-group__inner-container is-layout-flow wp-block-group-is-layout-flow\">\n<h1 class=\"has-text-align-left has-neve-text-color-color has-text-color wp-block-heading\">Formation Sommelerie<\/h1>\n<\/div><\/div>\n<\/div><\/div>\n\n\n\n<div class=\"wp-block-cover alignfull\" style=\"min-height:600px;aspect-ratio:unset;\"><span aria-hidden=\"true\" class=\"wp-block-cover__background has-nv-light-bg-background-color has-background-dim-100 has-background-dim\"><\/span><div class=\"wp-block-cover__inner-container is-layout-flow wp-block-cover-is-layout-flow\">\n<div class=\"wp-block-group\"><div class=\"wp-block-group__inner-container is-layout-flow wp-block-group-is-layout-flow\">\n<div style=\"height:80px\" aria-hidden=\"true\" class=\"wp-block-spacer\"><\/div>\n\n\n\n<div class=\"wp-block-columns are-vertically-aligned-center is-layout-flex wp-container-core-columns-is-layout-9d6595d7 wp-block-columns-is-layout-flex\">\n<div class=\"wp-block-column is-vertically-aligned-center is-layout-flow wp-block-column-is-layout-flow\" style=\"flex-basis:50%\">\n<figure class=\"wp-block-image size-large is-resized\"><img loading=\"lazy\" decoding=\"async\" src=\"https:\/\/biwsa.fr\/wp-content\/uploads\/2022\/03\/logo-biwsa-tr-1024x1024.png\" alt=\"\" class=\"wp-image-318\" width=\"479\" height=\"479\"\/><\/figure>\n<\/div>\n\n\n\n<div class=\"wp-block-column is-vertically-aligned-center is-layout-flow wp-block-column-is-layout-flow\" style=\"flex-basis:50%\">\n<h2 class=\"has-neve-text-color-color has-text-color wp-block-heading\">Les formations de la BIWSA<\/h2>\n\n\n\n<p class=\"has-neve-text-color-color has-text-color\">D\u00e9couvrir les secrets du service du vin, apprendre l\u2019art de la d\u00e9gustation, obtenir de pr\u00e9cieux conseils pour acheter les bons vins et constituer une cave, explorer la richesse des accords mets et vin\u2026 c\u2019est ce que vous propose la BIWSA avec ses ateliers sur-mesure. Entre amis, entre coll\u00e8gues, pour le plaisir ou pour vous perfectionner, venez vous initier \u00e0 la sommellerie avec nous.<\/p>\n\n\n\n<p class=\"has-nv-dark-bg-color has-text-color\"><em>La BIWSA propose des ateliers sur-mesure, n\u2019h\u00e9sitez pas \u00e0 nous contacter pour toute demande.<\/em><\/p>\n<\/div>\n<\/div>\n\n\n\n<div style=\"height:40px\" aria-hidden=\"true\" class=\"wp-block-spacer\"><\/div>\n<\/div><\/div>\n<\/div><\/div>\n\n\n\n<div class=\"wp-block-cover alignfull is-light\" style=\"min-height:1477px;aspect-ratio:unset;\"><span aria-hidden=\"true\" class=\"wp-block-cover__background has-background-dim-80 has-background-dim has-background-gradient\" style=\"background:linear-gradient(135deg,rgb(136,22,41) 0%,rgb(206,24,47) 57%)\"><\/span><div class=\"wp-block-cover__inner-container is-layout-flow wp-block-cover-is-layout-flow\">\n<div class=\"wp-block-group\"><div class=\"wp-block-group__inner-container is-layout-flow wp-block-group-is-layout-flow\">\n<div style=\"height:50px\" aria-hidden=\"true\" class=\"wp-block-spacer\"><\/div>\n\n\n\n<div class=\"wp-block-group\"><div class=\"wp-block-group__inner-container is-layout-flow wp-block-group-is-layout-flow\">\n<div class=\"wp-block-columns are-vertically-aligned-center is-layout-flex wp-container-core-columns-is-layout-9d6595d7 wp-block-columns-is-layout-flex\">\n<div class=\"wp-block-column is-vertically-aligned-center is-layout-flow wp-block-column-is-layout-flow\" style=\"flex-basis:50%\">\n<h3 class=\"has-nv-text-dark-bg-color has-text-color wp-block-heading\">Initiation \u00e0 la d\u00e9gustation<\/h3>\n\n\n\n<figure class=\"wp-block-image size-large\"><img loading=\"lazy\" decoding=\"async\" width=\"1024\" height=\"1024\" src=\"https:\/\/biwsa.fr\/wp-content\/uploads\/2022\/02\/DSC08722-1024x1024.jpg\" alt=\"\" class=\"wp-image-68\"\/><\/figure>\n\n\n\n<p class=\"has-text-align-center has-nv-text-dark-bg-color has-text-color\">La BIWSA vous propose d\u2019acqu\u00e9rir les bases de la d\u00e9gustation. Laissez-vous guider par vos sens et apprenez \u00e0 d\u00e9guster comme un professionnel.<\/p>\n\n\n\n<div style=\"height:20px\" aria-hidden=\"true\" class=\"wp-block-spacer\"><\/div>\n<\/div>\n\n\n\n<div class=\"wp-block-column is-vertically-aligned-center is-layout-flow wp-block-column-is-layout-flow\" style=\"flex-basis:50%\">\n<h3 class=\"has-nv-text-dark-bg-color has-text-color wp-block-heading\">Service du vin<\/h3>\n\n\n\n<figure class=\"wp-block-image size-large\"><img loading=\"lazy\" decoding=\"async\" width=\"1024\" height=\"1024\" src=\"https:\/\/biwsa.fr\/wp-content\/uploads\/2022\/02\/DSC08807-1024x1024.jpg\" alt=\"\" class=\"wp-image-61\"\/><\/figure>\n\n\n\n<p class=\"has-text-align-center has-nv-text-dark-bg-color has-text-color\">Servir le vin, un savoir-faire sous-estim\u00e9 qui a pourtant toute son importance pour bien d\u00e9guster. La BIWSA vous enseigne tout l\u2019art du service.<\/p>\n\n\n\n<div style=\"height:20px\" aria-hidden=\"true\" class=\"wp-block-spacer\"><\/div>\n<\/div>\n\n\n\n<div class=\"wp-block-column is-vertically-aligned-center is-layout-flow wp-block-column-is-layout-flow\" style=\"flex-basis:50%\">\n<h3 class=\"has-nv-text-dark-bg-color has-text-color wp-block-heading\">Cr\u00e9ez votre cave \u00e0 vin<\/h3>\n\n\n\n<figure class=\"wp-block-image size-full\"><img loading=\"lazy\" decoding=\"async\" width=\"615\" height=\"615\" src=\"https:\/\/biwsa.fr\/wp-content\/uploads\/2022\/02\/Oeno-615615.png\" alt=\"\" class=\"wp-image-289\"\/><\/figure>\n\n\n\n<p class=\"has-text-align-center has-nv-text-dark-bg-color has-text-color\">Bien composer sa cave, cela ne s\u2019improvise pas\u00a0! Particulier ou professionnel, venez chercher les bons conseils de notre sommelier.<\/p>\n\n\n\n<div style=\"height:20px\" aria-hidden=\"true\" class=\"wp-block-spacer\"><\/div>\n<\/div>\n<\/div>\n<\/div><\/div>\n\n\n\n<div class=\"wp-block-columns are-vertically-aligned-center is-layout-flex wp-container-core-columns-is-layout-9d6595d7 wp-block-columns-is-layout-flex\">\n<div class=\"wp-block-column is-vertically-aligned-center is-layout-flow wp-block-column-is-layout-flow\" style=\"flex-basis:50%\">\n<h3 class=\"has-nv-text-dark-bg-color has-text-color wp-block-heading\">Accord mets&amp;vins: Fromage<\/h3>\n\n\n\n<figure class=\"wp-block-image size-large\"><img loading=\"lazy\" decoding=\"async\" width=\"1024\" height=\"1024\" src=\"https:\/\/biwsa.fr\/wp-content\/uploads\/2022\/03\/DSC06848-2-1024x1024.jpg\" alt=\"\" class=\"wp-image-405\"\/><\/figure>\n\n\n\n<p class=\"has-text-align-center has-nv-text-dark-bg-color has-text-color\">Un classique \u00e0 ne pas n\u00e9gliger, la BIWSA vous enseigne l\u2019art de l\u2019accord fromage\/vin.<\/p>\n\n\n\n<div style=\"height:20px\" aria-hidden=\"true\" class=\"wp-block-spacer\"><\/div>\n<\/div>\n\n\n\n<div class=\"wp-block-column is-vertically-aligned-center is-layout-flow wp-block-column-is-layout-flow\" style=\"flex-basis:50%\">\n<h3 class=\"has-nv-text-dark-bg-color has-text-color wp-block-heading\">Accord mets&amp;vins: Canard<\/h3>\n\n\n\n<figure class=\"wp-block-image size-large\"><img loading=\"lazy\" decoding=\"async\" width=\"1024\" height=\"1024\" src=\"https:\/\/biwsa.fr\/wp-content\/uploads\/2022\/03\/DSC08127-1024x1024.jpg\" alt=\"\" class=\"wp-image-407\"\/><\/figure>\n\n\n\n<p class=\"has-text-align-center has-nv-text-dark-bg-color has-text-color\">Sud-ouest oblige, apprenez le secret des accords vin &amp; canard avec notre sommelier.<\/p>\n\n\n\n<div style=\"height:20px\" aria-hidden=\"true\" class=\"wp-block-spacer\"><\/div>\n<\/div>\n\n\n\n<div class=\"wp-block-column is-vertically-aligned-center is-layout-flow wp-block-column-is-layout-flow\" style=\"flex-basis:50%\">\n<h3 class=\"has-nv-text-dark-bg-color has-text-color wp-block-heading\">Accord mets&amp;vins: Huitres<\/h3>\n\n\n\n<figure class=\"wp-block-image size-large\"><img loading=\"lazy\" decoding=\"async\" width=\"1024\" height=\"1024\" src=\"https:\/\/biwsa.fr\/wp-content\/uploads\/2022\/03\/DSC08669-1024x1024.jpg\" alt=\"\" class=\"wp-image-408\"\/><\/figure>\n\n\n\n<p class=\"has-text-align-center has-nv-text-dark-bg-color has-text-color\">Faites le plein d\u2019iode avec cet accord mets &amp; vins qui sent bon la plage et les vacances&nbsp;!<\/p>\n\n\n\n<div style=\"height:20px\" aria-hidden=\"true\" class=\"wp-block-spacer\"><\/div>\n<\/div>\n<\/div>\n<\/div><\/div>\n\n\n\n<div class=\"wp-block-buttons is-content-justification-center is-layout-flex wp-container-core-buttons-is-layout-16018d1d wp-block-buttons-is-layout-flex\">\n<div class=\"wp-block-button is-style-secondary\"><a class=\"wp-block-button__link\" href=\"https:\/\/biwsa.fr\/index.php\/contact\/\">Contactez-nous<\/a><\/div>\n<\/div>\n\n\n\n<div style=\"height:50px\" aria-hidden=\"true\" class=\"wp-block-spacer\"><\/div>\n<\/div><\/div>\n","protected":false},"excerpt":{"rendered":"","protected":false},"author":1,"featured_media":0,"parent":0,"menu_order":0,"comment_status":"closed","ping_status":"closed","template":"","meta":{"om_disable_all_campaigns":false,"_monsterinsights_skip_tracking":false,"_monsterinsights_sitenote_active":false,"_monsterinsights_sitenote_note":"","_monsterinsights_sitenote_category":0,"neve_meta_sidebar":"","neve_meta_container":"","neve_meta_enable_content_width":"on","neve_meta_content_width":100,"neve_meta_title_alignment":"","neve_meta_author_avatar":"","neve_post_elements_order":"","neve_meta_disable_header":"","neve_meta_disable_footer":"","neve_meta_disable_title":"on","neve_meta_reading_time":"","footnotes":""},"class_list":["post-339","page","type-page","status-publish","hentry"],"rttpg_featured_image_url":null,"rttpg_author":{"display_name":"admin8106","author_link":"https:\/\/biwsa.fr\/index.php\/author\/admin8106\/"},"rttpg_comment":0,"rttpg_category":null,"rttpg_excerpt":null,"_links":{"self":[{"href":"https:\/\/biwsa.fr\/index.php\/wp-json\/wp\/v2\/pages\/339","targetHints":{"allow":["GET"]}}],"collection":[{"href":"https:\/\/biwsa.fr\/index.php\/wp-json\/wp\/v2\/pages"}],"about":[{"href":"https:\/\/biwsa.fr\/index.php\/wp-json\/wp\/v2\/types\/page"}],"author":[{"embeddable":true,"href":"https:\/\/biwsa.fr\/index.php\/wp-json\/wp\/v2\/users\/1"}],"replies":[{"embeddable":true,"href":"https:\/\/biwsa.fr\/index.php\/wp-json\/wp\/v2\/comments?post=339"}],"version-history":[{"count":21,"href":"https:\/\/biwsa.fr\/index.php\/wp-json\/wp\/v2\/pages\/339\/revisions"}],"predecessor-version":[{"id":1151,"href":"https:\/\/biwsa.fr\/index.php\/wp-json\/wp\/v2\/pages\/339\/revisions\/1151"}],"wp:attachment":[{"href":"https:\/\/biwsa.fr\/index.php\/wp-json\/wp\/v2\/media?parent=339"}],"curies":[{"name":"wp","href":"https:\/\/api.w.org\/{rel}","templated":true}]}}